{"id":273,"date":"2023-06-29T15:25:55","date_gmt":"2023-06-29T15:25:55","guid":{"rendered":"https:\/\/zupnija-sm-se.si\/smartno\/?page_id=273"},"modified":"2023-10-20T18:12:59","modified_gmt":"2023-10-20T16:12:59","slug":"oznanila","status":"publish","type":"page","link":"https:\/\/zupnija-sm-se.si\/smartno\/oznanila\/","title":{"rendered":"Oznanila"},"content":{"rendered":"\t<section class=\"section\" id=\"section_1309988032\">\n\t\t<div class=\"bg section-bg fill bg-fill  bg-loaded\" >\n\n\t\t\t\n\t\t\t\n\t\t\t\n\n\t\t<\/div>\n\n\t\t\n\n\t\t<div class=\"section-content relative\">\n\t\t\t\n<div class=\"row\"  id=\"row-1211678154\">\n\n\t<div id=\"col-1599549934\" class=\"col small-12 large-12\"  >\n\t\t\t\t<div class=\"col-inner\"  >\n\t\t\t\n\t\t\t\n\t<div id=\"text-44631284\" class=\"text\">\n\t\t\n<h1 style=\"text-align: center;\">Oznanila<\/h1>\n\t\t\n<style>\n#text-44631284 {\n  text-align: center;\n}\n<\/style>\n\t<\/div>\n\t\n\t\t<\/div>\n\t\t\t\t\t<\/div>\n\n\t\n<\/div>\n<div class=\"row\"  id=\"row-1460767767\">\n\n\t<div id=\"col-1820933783\" class=\"col medium-6 small-12 large-4\"  data-animate=\"bounceInUp\">\n\t\t\t\t<div class=\"col-inner text-center\"  >\n\t\t\t\n\t\t\t\n<h5 class=\"uppercase\"><span style=\"text-decoration: underline;\">25. nedelja med letom<\/span><\/h5>\n<p>Slom\u0161kova nedelja &#8211; 24. september 2023<\/p>\n<a href=\"\/post\/post\" target=\"_self\" class=\"button primary is-underline\"  >\n    <span>PREGLEj<\/span>\n  <\/a>\n\n\t\t<\/div>\n\t\t\t\t\t<\/div>\n\n\t\n<\/div>\n\t\t<\/div>\n\n\t\t\n<style>\n#section_1309988032 {\n  padding-top: 30px;\n  padding-bottom: 30px;\n}\n#section_1309988032 .ux-shape-divider--top svg {\n  height: 150px;\n  --divider-top-width: 100%;\n}\n#section_1309988032 .ux-shape-divider--bottom svg {\n  height: 150px;\n  --divider-width: 100%;\n}\n<\/style>\n\t<\/section>\n\t\n","protected":false},"excerpt":{"rendered":"","protected":false},"author":1,"featured_media":0,"parent":0,"menu_order":0,"comment_status":"closed","ping_status":"closed","template":"oznanila\/oznanila-archive.php","meta":{"pgc_sgb_lightbox_settings":"","footnotes":""},"class_list":["post-273","page","type-page","status-publish","hentry"],"yoast_head":"<!-- This site is optimized with the Yoast SEO plugin v27.4 - https:\/\/yoast.com\/product\/yoast-seo-wordpress\/ -->\n<title>Oznanila - \u017dupnija \u0160martno v Tuhinju<\/title>\n<meta name=\"description\" content=\"Oznanila \u017dupnija \u0160martno v Tuhinju\" \/>\n<meta name=\"robots\" content=\"index, follow, max-snippet:-1, max-image-preview:large, max-video-preview:-1\" \/>\n<link rel=\"canonical\" href=\"https:\/\/zupnija-sm-se.si\/smartno\/oznanila\/\" \/>\n<meta property=\"og:locale\" content=\"sl_SI\" \/>\n<meta property=\"og:type\" content=\"article\" \/>\n<meta property=\"og:title\" content=\"Oznanila - \u017dupnija \u0160martno v Tuhinju\" \/>\n<meta property=\"og:description\" content=\"Oznanila \u017dupnija \u0160martno v Tuhinju\" \/>\n<meta property=\"og:url\" content=\"https:\/\/zupnija-sm-se.si\/smartno\/oznanila\/\" \/>\n<meta property=\"og:site_name\" content=\"\u017dupnija \u0160martno v Tuhinju\" \/>\n<meta property=\"article:publisher\" content=\"https:\/\/www.facebook.com\/profile.php?id=100093152272946\" \/>\n<meta property=\"article:modified_time\" content=\"2023-10-20T16:12:59+00:00\" \/>\n<meta property=\"og:image\" content=\"https:\/\/zupnija-sm-se.si\/smartno\/wp-content\/uploads\/sites\/2\/2023\/07\/cropped-favicon.png\" \/>\n\t<meta property=\"og:image:width\" content=\"512\" \/>\n\t<meta property=\"og:image:height\" content=\"512\" \/>\n\t<meta property=\"og:image:type\" content=\"image\/png\" \/>\n<meta name=\"twitter:card\" content=\"summary_large_image\" \/>\n<meta name=\"twitter:label1\" content=\"Est. reading time\" \/>\n\t<meta name=\"twitter:data1\" content=\"1 minuta\" \/>\n<script type=\"application\/ld+json\" class=\"yoast-schema-graph\">{\"@context\":\"https:\\\/\\\/schema.org\",\"@graph\":[{\"@type\":\"WebPage\",\"@id\":\"https:\\\/\\\/zupnija-sm-se.si\\\/smartno\\\/oznanila\\\/\",\"url\":\"https:\\\/\\\/zupnija-sm-se.si\\\/smartno\\\/oznanila\\\/\",\"name\":\"Oznanila - \u017dupnija \u0160martno v Tuhinju\",\"isPartOf\":{\"@id\":\"https:\\\/\\\/zupnija-sm-se.si\\\/smartno\\\/#website\"},\"datePublished\":\"2023-06-29T15:25:55+00:00\",\"dateModified\":\"2023-10-20T16:12:59+00:00\",\"description\":\"Oznanila \u017dupnija \u0160martno v Tuhinju\",\"breadcrumb\":{\"@id\":\"https:\\\/\\\/zupnija-sm-se.si\\\/smartno\\\/oznanila\\\/#breadcrumb\"},\"inLanguage\":\"sl-SI\",\"potentialAction\":[{\"@type\":\"ReadAction\",\"target\":[\"https:\\\/\\\/zupnija-sm-se.si\\\/smartno\\\/oznanila\\\/\"]}]},{\"@type\":\"BreadcrumbList\",\"@id\":\"https:\\\/\\\/zupnija-sm-se.si\\\/smartno\\\/oznanila\\\/#breadcrumb\",\"itemListElement\":[{\"@type\":\"ListItem\",\"position\":1,\"name\":\"Home\",\"item\":\"https:\\\/\\\/zupnija-sm-se.si\\\/smartno\\\/\"},{\"@type\":\"ListItem\",\"position\":2,\"name\":\"Oznanila\"}]},{\"@type\":\"WebSite\",\"@id\":\"https:\\\/\\\/zupnija-sm-se.si\\\/smartno\\\/#website\",\"url\":\"https:\\\/\\\/zupnija-sm-se.si\\\/smartno\\\/\",\"name\":\"\u017dupnija \u0160martno v Tuhinju\",\"description\":\"\u017dupnija \u0160martno v Tuhinju\",\"publisher\":{\"@id\":\"https:\\\/\\\/zupnija-sm-se.si\\\/smartno\\\/#organization\"},\"alternateName\":\"\u017dupnija \u0160martno v Tuhinju\",\"potentialAction\":[{\"@type\":\"SearchAction\",\"target\":{\"@type\":\"EntryPoint\",\"urlTemplate\":\"https:\\\/\\\/zupnija-sm-se.si\\\/smartno\\\/?s={search_term_string}\"},\"query-input\":{\"@type\":\"PropertyValueSpecification\",\"valueRequired\":true,\"valueName\":\"search_term_string\"}}],\"inLanguage\":\"sl-SI\"},{\"@type\":\"Organization\",\"@id\":\"https:\\\/\\\/zupnija-sm-se.si\\\/smartno\\\/#organization\",\"name\":\"\u017dupnija \u0160martno v Tuhinju\",\"alternateName\":\"\u017dupnija \u0160martno v Tuhinju\",\"url\":\"https:\\\/\\\/zupnija-sm-se.si\\\/smartno\\\/\",\"logo\":{\"@type\":\"ImageObject\",\"inLanguage\":\"sl-SI\",\"@id\":\"https:\\\/\\\/zupnija-sm-se.si\\\/smartno\\\/#\\\/schema\\\/logo\\\/image\\\/\",\"url\":\"https:\\\/\\\/zupnija-sm-se.si\\\/smartno\\\/wp-content\\\/uploads\\\/sites\\\/2\\\/2023\\\/07\\\/cropped-favicon.png\",\"contentUrl\":\"https:\\\/\\\/zupnija-sm-se.si\\\/smartno\\\/wp-content\\\/uploads\\\/sites\\\/2\\\/2023\\\/07\\\/cropped-favicon.png\",\"width\":512,\"height\":512,\"caption\":\"\u017dupnija \u0160martno v Tuhinju\"},\"image\":{\"@id\":\"https:\\\/\\\/zupnija-sm-se.si\\\/smartno\\\/#\\\/schema\\\/logo\\\/image\\\/\"},\"sameAs\":[\"https:\\\/\\\/www.facebook.com\\\/profile.php?id=100093152272946\"]}]}<\/script>\n<!-- \/ Yoast SEO plugin. -->","yoast_head_json":{"title":"Oznanila - \u017dupnija \u0160martno v Tuhinju","description":"Oznanila \u017dupnija \u0160martno v Tuhinju","robots":{"index":"index","follow":"follow","max-snippet":"max-snippet:-1","max-image-preview":"max-image-preview:large","max-video-preview":"max-video-preview:-1"},"canonical":"https:\/\/zupnija-sm-se.si\/smartno\/oznanila\/","og_locale":"sl_SI","og_type":"article","og_title":"Oznanila - \u017dupnija \u0160martno v Tuhinju","og_description":"Oznanila \u017dupnija \u0160martno v Tuhinju","og_url":"https:\/\/zupnija-sm-se.si\/smartno\/oznanila\/","og_site_name":"\u017dupnija \u0160martno v Tuhinju","article_publisher":"https:\/\/www.facebook.com\/profile.php?id=100093152272946","article_modified_time":"2023-10-20T16:12:59+00:00","og_image":[{"width":512,"height":512,"url":"https:\/\/zupnija-sm-se.si\/smartno\/wp-content\/uploads\/sites\/2\/2023\/07\/cropped-favicon.png","type":"image\/png"}],"twitter_card":"summary_large_image","twitter_misc":{"Est. reading time":"1 minuta"},"schema":{"@context":"https:\/\/schema.org","@graph":[{"@type":"WebPage","@id":"https:\/\/zupnija-sm-se.si\/smartno\/oznanila\/","url":"https:\/\/zupnija-sm-se.si\/smartno\/oznanila\/","name":"Oznanila - \u017dupnija \u0160martno v Tuhinju","isPartOf":{"@id":"https:\/\/zupnija-sm-se.si\/smartno\/#website"},"datePublished":"2023-06-29T15:25:55+00:00","dateModified":"2023-10-20T16:12:59+00:00","description":"Oznanila \u017dupnija \u0160martno v Tuhinju","breadcrumb":{"@id":"https:\/\/zupnija-sm-se.si\/smartno\/oznanila\/#breadcrumb"},"inLanguage":"sl-SI","potentialAction":[{"@type":"ReadAction","target":["https:\/\/zupnija-sm-se.si\/smartno\/oznanila\/"]}]},{"@type":"BreadcrumbList","@id":"https:\/\/zupnija-sm-se.si\/smartno\/oznanila\/#breadcrumb","itemListElement":[{"@type":"ListItem","position":1,"name":"Home","item":"https:\/\/zupnija-sm-se.si\/smartno\/"},{"@type":"ListItem","position":2,"name":"Oznanila"}]},{"@type":"WebSite","@id":"https:\/\/zupnija-sm-se.si\/smartno\/#website","url":"https:\/\/zupnija-sm-se.si\/smartno\/","name":"\u017dupnija \u0160martno v Tuhinju","description":"\u017dupnija \u0160martno v Tuhinju","publisher":{"@id":"https:\/\/zupnija-sm-se.si\/smartno\/#organization"},"alternateName":"\u017dupnija \u0160martno v Tuhinju","potentialAction":[{"@type":"SearchAction","target":{"@type":"EntryPoint","urlTemplate":"https:\/\/zupnija-sm-se.si\/smartno\/?s={search_term_string}"},"query-input":{"@type":"PropertyValueSpecification","valueRequired":true,"valueName":"search_term_string"}}],"inLanguage":"sl-SI"},{"@type":"Organization","@id":"https:\/\/zupnija-sm-se.si\/smartno\/#organization","name":"\u017dupnija \u0160martno v Tuhinju","alternateName":"\u017dupnija \u0160martno v Tuhinju","url":"https:\/\/zupnija-sm-se.si\/smartno\/","logo":{"@type":"ImageObject","inLanguage":"sl-SI","@id":"https:\/\/zupnija-sm-se.si\/smartno\/#\/schema\/logo\/image\/","url":"https:\/\/zupnija-sm-se.si\/smartno\/wp-content\/uploads\/sites\/2\/2023\/07\/cropped-favicon.png","contentUrl":"https:\/\/zupnija-sm-se.si\/smartno\/wp-content\/uploads\/sites\/2\/2023\/07\/cropped-favicon.png","width":512,"height":512,"caption":"\u017dupnija \u0160martno v Tuhinju"},"image":{"@id":"https:\/\/zupnija-sm-se.si\/smartno\/#\/schema\/logo\/image\/"},"sameAs":["https:\/\/www.facebook.com\/profile.php?id=100093152272946"]}]}},"_links":{"self":[{"href":"https:\/\/zupnija-sm-se.si\/smartno\/wp-json\/wp\/v2\/pages\/273","targetHints":{"allow":["GET"]}}],"collection":[{"href":"https:\/\/zupnija-sm-se.si\/smartno\/wp-json\/wp\/v2\/pages"}],"about":[{"href":"https:\/\/zupnija-sm-se.si\/smartno\/wp-json\/wp\/v2\/types\/page"}],"author":[{"embeddable":true,"href":"https:\/\/zupnija-sm-se.si\/smartno\/wp-json\/wp\/v2\/users\/1"}],"replies":[{"embeddable":true,"href":"https:\/\/zupnija-sm-se.si\/smartno\/wp-json\/wp\/v2\/comments?post=273"}],"version-history":[{"count":0,"href":"https:\/\/zupnija-sm-se.si\/smartno\/wp-json\/wp\/v2\/pages\/273\/revisions"}],"wp:attachment":[{"href":"https:\/\/zupnija-sm-se.si\/smartno\/wp-json\/wp\/v2\/media?parent=273"}],"curies":[{"name":"wp","href":"https:\/\/api.w.org\/{rel}","templated":true}]}}